 of o?
2, 3, 7, 683
List the prime factors of (-234056)/(-272)*(-3 + 4)*42.
3, 7, 1721
What are the prime factors of ((-154451)/(-11) - 4) + -11 + -1 + 1?
2, 7013
Let q(x) = -30*x + 1. Let n be q(-8). Let s = n + 321. Suppose -3*u = -4*t - s, -4*u - t + 495 + 267 = 0. What are the prime factors of u?
2, 5, 19
Let l(k) = -5*k + 11. Let p be l(-6). Let r = -37 + p. What are the prime factors of (194/r)/(5/(10 - 0))?
97
Let i(z) = 6*z**3 - 119*z**2 + 225*z + 157. Let l(m) = -m**3 + 24*m**2 - 45*m - 31. Let p(g) = -2*i(g) - 11*l(g). What are the prime factors of p(-28)?
5, 67
Let s = -110 - -115. Let c(m) = m**3 - 10*m**2 - 10*m + 15. Let o be c(14). Suppose o = s*p - 11. What are the prime factors of p?
2, 67
Let c(m) = -247*m + 601. List the prime factors of c(-39).
2, 7, 17, 43
List the prime factors of (-111290)/(-15)*(21 + -6 - 12).
2, 31, 359
Let z(k) = -k - 11. Let t be z(-13). Suppose -2*f - 3 + 21 = -2*s, -3*f + 29 = -t*s. What are the prime factors of ((f - 8) + -63)*4/(-10)?
2, 3
Let c = 18648 + -9801. List the prime factors of c.
3, 983
Suppose -24*j + 13*j + 286 = 0. Let p(g) = 3*g + 235. List the prime factors of p(j).
313
Suppose 5*b + 5 = 20. Let t(f) = 3*f - 3. Let l be t(b). Suppose 445 = 5*a + 4*d, a + d - 89 = l*d. What are the prime factors of a?
89
Let t(a) = 5978*a - 861. What are the prime factors of t(4)?
7, 37, 89
Suppose 5*u - 485 = -c, -4*c + 4*u + 2019 - 175 = 0. Suppose 7*o = c + 67. Suppose 0 = -4*v + 240 + o. List the prime factors of v.
79
Suppose -3*g + 95 = -103. Let s = g - -151. List the prime factors of s.
7, 31
Let o(j) = -32 + 78*j - 187*j + 74*j + 74*j. List the prime factors of o(5).
163
Let n(s) = -2*s**2 - 28*s - 38. Let x be n(-10). Suppose 0 = 48*v - x*v - 372. What are the prime factors of v?
2, 31
Suppose -18*t + 30*t - 57888 = 0. List the prime factors of t.
2, 3, 67
Let c(m) = 54*m - 48. Suppose -j + 0 = -4*t + 3, -t = 3*j - 30. What are the prime factors of c(j)?
2, 3, 73
Let i = 3779 - -5740. List the prime factors of i.
3, 19, 167
Suppose 0 = -4*y - 2*z + 12510, 35*y - 37*y = -3*z - 6251. What are the prime factors of y?
53, 59
Let m(x) = -x**3 - 50*x**2 + 46*x + 301. What are the prime factors of m(-52)?
31, 107
Let m = -46066 - -69092. List the prime factors of m.
2, 29, 397
Let y = 3512 + 1441. List the prime factors of y.
3, 13, 127
Let n be ((-3)/(9/(-6)))/2 - 43. Let y = n - -46. List the prime factors of -1*y*(2 - 213/6).
2, 67
Let h(g) = -3 + 3 - 61*g + 5 + 3. List the prime factors of h(-5).
313
Suppose 5*z = 4*z + 2. Suppose -18*k + 5166 = 24*k. Suppose 2*c + 2*c + z*t - 164 = 0, -3*c - t + k = 0. What are the prime factors of c?
41
Suppose 40 = 12*q + 292. Let o be 174/q*28/(-8). Suppose o*v = 36*v - 315. What are the prime factors of v?
3, 5
Let s(d) = 10*d**3 - 14*d**2 - 43*d + 91. What are the prime factors of s(13)?
2, 13, 23
What are the prime factors of (-2 - -1 - 3908)/((1 + 8)/(-45))?
3, 5, 1303
Suppose 7*s + 11 = 25. What are the prime factors of (2748/6)/(0 + s)?
229
Let t be -944 - ((-60)/(-2))/(-6). Let v = t - -2887. List the prime factors of v.
2, 487
Let u = 15830 - 8711. List the prime factors of u.
3, 7, 113
Suppose -2*r - 9*z = -10*z - 3, 4*z - 36 = -4*r. Suppose 0 = -r*o + 2*y + 406, -2*o + 7*o + 3*y - 491 = 0. List the prime factors of o.
2, 5
Let q be (6/8)/(4/16). Let o = 1424 + -1419. Suppose 4*c + 0*c = q*n - 213, -2*c + 381 = o*n. What are the prime factors of n?
3, 5
Let u(j) = -3*j + 53*j**3 + 2*j**2 - 89 - 6*j**2 + 94 + 2*j**2. What are the prime factors of u(2)?
5, 83
Suppose 29*t - 291182 = -4*t - 34*t. What are the prime factors of t?
2, 41, 53
Suppose -2*w - 3*q = w - 117102, 3*w + 7*q = 117130. What are the prime factors of w?
3, 13009
Let w(l) = 8*l**2 + 19*l + 12. List the prime factors of w(-13).
1117
Let c(j) = 7*j + 8 - 14*j + 6*j + 3 - 20*j**2 - 4*j**3. List the prime factors of c(-9).
2, 7, 47
Suppose q - 4 = b, -4*b - 2*q = 1 - 15. Suppose -3 = z - 2*i + b, 5*i = 20. Suppose -4*m - 155 = -z*j + 77, 0 = 5*j + 5*m - 270. List the prime factors of j.
2, 7
Let a(l) = 331*l**2 - 5*l - 2. Let k(f) = -f**3 - f**2 + 1. Let i be k(-1). What are the prime factors of a(i)?
2, 3
Let m = -5857 + 8638. What are the prime factors of m?
3, 103
Suppose 762*z - 760*z - 12384 = 4*u, -31005 = -5*z + u. What are the prime factors of z?
2, 7, 443
Suppose -2 - 10 = -4*l. Let h(w) = 30*w**3 + 4*w**2 - 10*w + 5. What are the prime factors of h(l)?
821
Suppose -92*o + 42*o - 42*o + 2611512 = 0. What are the prime factors of o?
2, 3, 19, 83
Let h = -100 - -169. Let o(w) = w**2 - 7*w + 8. Let y be o(8). What are the prime factors of h + 4*4/y?
2, 5, 7
Suppose n = -2*x + 1278, -5*n + 17*x = 19*x - 6366. Suppose -10452 = -12*a - n. List the prime factors of a.
3, 5, 17
Let j(s) = 1704*s**2 + 399*s + 1558. What are the prime factors of j(-4)?
2, 13613
List the prime factors of -8*25/700 - 343198/(-7).
2, 7, 17, 103
Suppose -4615693 = -189*u + 3466514. List the prime factors of u.
7, 41, 149
Let g = 2408 + -1677. Suppose -7*l + 88 + g = 0. What are the prime factors of l?
3, 13
Let p(s) be the first derivative of -80*s**2 - 2*s - 21. Let q be p(-1). Suppose -3*n = q - 593. List the prime factors of n.
5, 29
Let r be (1 - 4 - 1) + -4. Let c = 143 + r. What are the prime factors of c?
3, 5
Let g = 20 - 2. Suppose -3*x = -6*x + g. List the prime factors of 159/3 + 12/x.
5, 11
Let x(n) = n**3 - 4*n**2 + 7*n - 9. Suppose -27*l + 23*l = -144. Let r be 13/2 - (-4 + l/8). What are the prime factors of x(r)?
3, 5, 7
What are the prime factors of (-34200)/(-1350)*(-732)/(-1)?
2, 19, 61
Let j(t) be the first derivative of -75*t**2/2 + 34*t + 160. List the prime factors of j(-3).
7, 37
Let r = -31 + 8. What are the prime factors of r/(((-20)/65)/4)?
13, 23
Suppose -10*y = -13*y + 588. List the prime factors of (18/1)/(21/y*7).
2, 3
Let f(u) = 40*u**3 + 2*u**2 - u. Let y be f(1). Let x = y + 15. Let m = x - 1. What are the prime factors of m?
5, 11
Let o(c) = c**2 + 12*c - 25. Let w(t) = -4*t + 26. Let f(q) = q**2 - 14*q + 5. Let s be f(14). Let i be w(s). List the prime factors of o(i).
83
Let j(n) = n**2 + 20*n + 19. Let l be j(-11). Let d be (-20)/6*96/l. Suppose -d*p = 2*z - 718, -4*p + 706 = 4*z - 6*z. What are the prime factors of p?
2, 89
Let n = 4683 + -2528. Let r = n + -1131. List the prime factors of r.
2
Let l(r) = r**3 + 32*r**2 + 89*r + 62. Let g be l(-29). Let c(s) = 39*s**2 + 13*s - 57. List the prime factors of c(g).
619
Let j(x) = 3*x**3 - 7*x**2 + 6*x - 30. Let p(n) = n**3 + n**2 + n - 1. Let z(s) = j(s) - 2*p(s). What are the prime factors of z(9)?
2
Let b = 5909 - 1364. What are the prime factors of b?
3, 5, 101
Let f be (1*16/6)/(5/15). Suppose -3*d - f = 2*k, -13 = 5*d + 4*k + 3. Suppose -2*m + a = m - 287, -3*a + 3 = d. What are the prime factors of m?
2, 3
Suppose 640 = -3*g + 652. Suppose 0 = 8*j - 13*j + x + 1936, g*j - x = 1548. List the prime factors of j.
2, 97
Let w = 1342 - 2111. Let c = 1375 + w. What are the prime factors of c?
2, 3, 101
What are the prime factors of (7/(-2) + 9)*1048?
2, 11, 131
List the prime factors of 6200/(-4)*(5292/24)/(-9).
5, 7, 31
Let b(a) = -7969*a - 9016. List the prime factors of b(-9).
5, 12541
Suppose -5*u + 27*u = 30837 + 280419. What are the prime factors of u?
2, 3, 131
Suppose 5*b - 3*a = 4*b + 907, b - a = 905. Suppose -32801 = -35*m + b. What are the prime factors of m?
3, 107
Suppose 4*n + 840 = -h - 178, -2*h - 4*n - 2020 = 0. Let p = h - -1669. List the prime factors of p.
23, 29
Let d(j) = 20*j - 36. Let q be d(2). Suppose -h - q*m + 78 = 0, m - 84 = -h - 0*m. What are the prime factors of h?
2, 43
Suppose -2708*j - 305804 = -2712*j + 2*f, 0 = 5*f. What are the prime factors of j?
89, 859
Suppose 0 = -8*t + 5*t + 39. Let a = 7 - t. Let v(n) = -15*n + 4. What are the prime factors of v(a)?
2, 47
Let q be 9*(10/3 + -3) - -13070. Suppose -41*x + q + 7304 = 0. List the prime factors of x.
7, 71
Suppose 6*r - 38*r = -35712. Suppose 2*j - r - 160 = 0. List the prime factors of j.
2, 11, 29
Let g(n) = -6*n - 25. Let z be g(-5). Let w be (-18)/z*450/(-18). Suppose k - 3*q - 326 = -w, -5*q + 1220 = 5*k. What are the prime factors of k?
2, 11
Let o(k) be the first derivative of 6*k**3 + 6 + 5/2*k**2 - 5*k. List the prim